{"id":172,"date":"2025-07-25T06:04:21","date_gmt":"2025-07-25T06:04:21","guid":{"rendered":"https:\/\/car-hue.cl\/?page_id=172"},"modified":"2025-07-25T06:05:18","modified_gmt":"2025-07-25T06:05:18","slug":"empresa","status":"publish","type":"page","link":"https:\/\/car-hue.cl\/index.php\/empresa\/","title":{"rendered":"Empresa"},"content":{"rendered":"\n<p>Car-Hue Rent a Car ofrece una amplia gama de veh\u00edculos para recorrer el Sur de Chile. Somos una empresa de arriendo de veh\u00edculos ubicada en Puerto Montt, puerta de entrada al m\u00e1gico sur de Chile. Nuestro compromiso es brindar un servicio r\u00e1pido, confiable y de alta calidad, para que disfrutes de tu viaje con total tranquilidad.<\/p>\n\n\n\n<p>Contamos con una flota moderna y vers\u00e1til, ideal para recorrer la Carretera Austral, visitar los encantadores pueblos del sur o explorar los paisajes \u00fanicos de la Patagonia Chilena. Ya sea que viajes por turismo, negocios o escapadas familiares, tenemos el veh\u00edculo perfecto para ti.<\/p>\n\n\n\n<p>Nos destacamos por nuestra puntualidad, responsabilidad y atenci\u00f3n personalizada, con un proceso de arriendo \u00e1gil y eficiente, adem\u00e1s de una entrega de veh\u00edculos r\u00e1pida y sin complicaciones, para que aproveches al m\u00e1ximo tu tiempo.<\/p>\n","protected":false},"excerpt":{"rendered":"<p>Car-Hue Rent a Car ofrece una amplia gama de veh\u00edculos para recorrer el Sur de Chile. Somos una empresa de arriendo de veh\u00edculos ubicada en Puerto Montt, puerta de entrada al m\u00e1gico sur de Chile. Nuestro compromiso es brindar un servicio r\u00e1pido, confiable y de alta calidad, para que disfrutes de tu viaje con total [&hellip;]<\/p>\n","protected":false},"author":1,"featured_media":0,"parent":0,"menu_order":0,"comment_status":"closed","ping_status":"closed","template":"","meta":{"footnotes":""},"class_list":["post-172","page","type-page","status-publish","hentry"],"_links":{"self":[{"href":"https:\/\/car-hue.cl\/index.php\/wp-json\/wp\/v2\/pages\/172","targetHints":{"allow":["GET"]}}],"collection":[{"href":"https:\/\/car-hue.cl\/index.php\/wp-json\/wp\/v2\/pages"}],"about":[{"href":"https:\/\/car-hue.cl\/index.php\/wp-json\/wp\/v2\/types\/page"}],"author":[{"embeddable":true,"href":"https:\/\/car-hue.cl\/index.php\/wp-json\/wp\/v2\/users\/1"}],"replies":[{"embeddable":true,"href":"https:\/\/car-hue.cl\/index.php\/wp-json\/wp\/v2\/comments?post=172"}],"version-history":[{"count":2,"href":"https:\/\/car-hue.cl\/index.php\/wp-json\/wp\/v2\/pages\/172\/revisions"}],"predecessor-version":[{"id":176,"href":"https:\/\/car-hue.cl\/index.php\/wp-json\/wp\/v2\/pages\/172\/revisions\/176"}],"wp:attachment":[{"href":"https:\/\/car-hue.cl\/index.php\/wp-json\/wp\/v2\/media?parent=172"}],"curies":[{"name":"wp","href":"https:\/\/api.w.org\/{rel}","templated":true}]}}